 - 3 = 0. Suppose -3*j - p*g + 39 + 77 = 0, -4*j + 3*g = -132. Calculate the highest common factor of j and 24.
12
Suppose 3*n = -2*n - 5*l, 0 = 3*n - l - 8. Let s be 0*(2/(-4) - 0). Suppose -5*i = -4*q - 17, -q - 5 + n = s. Calculate the greatest common factor of 7 and i.
1
Let y be (-36)/(-10)*(-80)/(-24). Suppose -3*k = -y, 2*t - 3*k = 2*k + 20. Calculate the greatest common factor of 8 and t.
4
Suppose 0*d + 4 = d. Let h(o) = 3*o**2 + 4*o**2 + 2*o + 2 - 1. Let r be h(-1). Calculate the highest common divisor of d and r.
2
Let n(r) = 8*r**2 - 10*r - 8. Let j be n(-5). What is the highest common factor of j and 22?
22
Let t be (4 + -4)/(2 - 3). Suppose p - 4 - 6 = t. Calculate the highest common factor of p and 80.
10
Suppose 14*a - 20*a = -6. What is the greatest common factor of a and 8?
1
Let m = 23 - 10. What is the greatest common factor of 91 and m?
13
Let x be (-126)/(-15) + (-4)/10. Let y = x + -7. Let l be 16 + (-4 - -1) + y. Calculate the highest common divisor of l and 42.
14
Let t = -8 + 48. Let n(m) = -33*m**2 + m. Let s be n(1). Let r = s + 48. Calculate the greatest common divisor of t and r.
8
Let a = -27 - -16. Let l = a + 15. What is the highest common factor of 28 and l?
4
Suppose -5*j + 40 = -4*j. Let o = 1 + 22. Let g = j - o. Calculate the highest common divisor of 153 and g.
17
Let v be (-2)/(-8) + (-263)/(-4). Let z = -166 + 172. Calculate the greatest common factor of z and v.
6
Let z(m) = -m + 4. Let w be z(6). Let p(l) = 7*l**2 + 4*l + 3. Let f be p(w). What is the greatest common divisor of 46 and f?
23
Suppose 6*m - 91 = -31. Calculate the highest common divisor of m and 90.
10
Suppose 9*b - 375 = 57. Calculate the highest common factor of b and 32.
16
Let q be (13*-2 + -1)*-1. Calculate the greatest common divisor of 81 and q.
27
Let y be -4*(-2)/4*1. Let f be y/(-3) - 5/(-3). Calculate the highest common divisor of f and 1.
1
Suppose 27 + 3 = -5*h. Let s(l) = -l**2 - 9*l - 7. Let z be s(h). Let o(c) = 25*c - 4. Let d be o(5). Calculate the highest common factor of d and z.
11
Let h(m) be the third derivative of -1/3*m**4 + 0 - 1/6*m**3 + 0*m - 2*m**2. Let q be h(-2). Calculate the highest common divisor of q and 15.
15
Suppose 0 = 2*x + b + 3*b - 12, 4*b - 30 = -5*x. Let u = 32 - x. Let r be -1 + 2*(-66)/(-2). Calculate the highest common factor of r and u.
13
Let i = -13 - -25. Let j be (-576)/(-20)*(-20)/(-6). Calculate the highest common divisor of i and j.
12
Suppose -s + 3*z = -292, 0 = 5*z - 6 - 19. Let o(y) = 2*y**2 + 6*y + 1. Let g be o(-9). Let u = s - g. Calculate the greatest common divisor of u and 18.
18
Let s(n) = n**3 - n**2 - n + 59. Let b = -5 + 5. Let m be s(b). Suppose 5*k = 3*u - 25, k = -5*u + 5*k + m. What is the greatest common factor of 6 and u?
3
Let u = 0 - 0. Let i be (-1 - (-3 - 0)) + u. Suppose -r - 46 = -3*n, 0 = i*n - 0*n - 3*r - 40. What is the highest common factor of n and 70?
14
Let x be -2 + ((-78)/2)/(-3). Let a = -1 + x. Calculate the greatest common divisor of 70 and a.
10
Let s = -12 - -17. Let x(t) = t**3 + 7*t**2 + 15. Let y be x(-7). What is the highest common factor of s and y?
5
Let f = 492 - 476. Suppose -5*y - 8 = -4*i + 28, 2*y + 16 = 2*i. Suppose i*p = 679 - 167. Calculate the highest common divisor of p and f.
16
Let f = -2 + 6. Suppose 0 = 2*r - f*r + 48. What is the highest common divisor of 96 and r?
24
Let g = 30 - 17. Let j(a) = a**3 - 3*a**2 - 3*a - 3. Let m be j(-2). Let v be (2 - m/(-2))*-2. Calculate the highest common divisor of g and v.
13
Suppose 0 = 9*b - 132 - 75. What is the greatest common factor of 23 and b?
23
Suppose 2 = 3*k - 1, c - k = 7. Let w = 5 - 0. Suppose w*r - 468 + 188 = 0. What is the greatest common divisor of r and c?
8
Suppose 0 = -4*k + 173 - 17. Let f(z) = -z**3 + 8*z**2 - 7*z - 2. Let y be f(7). Let u be (13/2)/((-1)/y). Calculate the highest common factor of k and u.
13
Suppose -2*i + 7*i = 105. Suppose -2*n = 2*w - 22, 2*w + 7 + i = 3*n. Suppose -7*s + 40 = -30. What is the highest common divisor of n and s?
10
Let g(u) = -245*u**3 - 2*u**2 - u. Let y be g(-1). Suppose -b = 5*d - 113, b - 4*d = -2*b + y. Calculate the highest common factor of b and 22.
22
Let h(f) = 2*f**2 - 3*f + 1. Let t be h(2). Suppose 4*v - 12 = -0*v. What is the greatest common divisor of t and v?
3
Let i(v) be the third derivative of v**5/20 + v**2. Let p be i(2). What is the greatest common divisor of 24 and p?
12
Let c(i) = i - 9. Let x be c(11). What is the highest common factor of x and 10?
2
Let c = 27 + 0. Suppose -s + 4*n = -28, -s + n - 56 = -6*s. Suppose 3*a = 5*g + s, 5*a + 5*g - 3 - 57 = 0. Calculate the highest common factor of c and a.
9
Let w be 0 - (-10 - (2 - 0)). Suppose -8*o + 528 = -4*o. Calculate the greatest common factor of o and w.
12
Let q(h) = -h - 2. Let z be q(-6). Suppose z*x = 4*p + 25 + 19, 3*x - 5*p - 35 = 0. What is the highest common factor of x and 4?
2
Let o = 8 - -2. Calculate the highest common factor of o and 90.
10
Let u(b) = -b**3 - 7*b**2 - 3*b - 14. Let x be u(-7). What is the highest common factor of x and 91?
7
Suppose 277 = 8*u - 331. Calculate the highest common factor of 38 and u.
38
Let s = 648 + -441. What is the greatest common factor of s and 23?
23
Let k be 2/(3/(-30)*4). Let q(x) = x**2 + 5*x + 4. Let c be q(k). What is the greatest common factor of c and 36?
4
Let h be 10/(-4)*(-4)/5. Let b be h - ((3 - 1) + -8). Suppose 102 + 10 = 7*f. Calculate the greatest common factor of b and f.
8
Let o be (0 - -4) + (1 - -1). Suppose -u - 20 = -o*u. Suppose -2*z + 2 + u = 0. What is the highest common factor of 24 and z?
3
Let q = 9 + -2. Calculate the greatest common factor of q and 14.
7
Suppose -5*a + 2*a = b - 132, 4 = a. What is the greatest common divisor of b and 15?
15
Let n(u) = u**3 + u**2 - 1. Let m(y) = -6*y**3 - 5*y**2 - 4*y + 6. Let c(f) = m(f) + 5*n(f). Let o be c(-3). What is the highest common factor of 16 and o?
8
Let i = 2 + 5. Calculate the greatest common factor of i and 7.
7
Let p be ((-1)/(-2))/((-5)/(-750)). Calculate the greatest common divisor of p and 50.
25
Let y be (-1)/((-4)/144) - -4. Calculate the greatest common divisor of 16 and y.
8
Let t = -2 - -8. What is the greatest common divisor of t and 15?
3
Suppose 0 = -2*d + 11 + 5. Let v(p) = p**3 - 6*p**2 - 11*p - 7. Let s be v(d). Suppose -62 = -4*t + 26. What is the highest common factor of s and t?
11
Suppose 13 + 31 = 11*r. What is the highest common divisor of r and 12?
4
Let p be (8/(-1))/((-3)/12). Suppose -3 = m, 0 = -5*g - 3*m + 28 + 203. Calculate the greatest common factor of g and p.
16
Let z be (12/5)/(3/10). Let m(q) = -q - 1. Let u be m(-3). What is the greatest common factor of z and u?
2
Let w(j) = j + 8. Let u be w(-7). Suppose -4*d + 4 = -3*d. Calculate the greatest common factor of u and d.
1
Suppose q + 2*k + 9 = 0, -8 = -3*q - 2*k + 3*k. Let x be (21/(-12))/(q/(-8)). What is the greatest common divisor of x and 7?
7
Let v = 73 - 65. What is the greatest common factor of 16 and v?
8
Suppose x + 3*x - 84 = 0. Let f = 7 - -8. Suppose -5*o + 0*o = -f. Calculate the greatest common factor of x and o.
3
Let a be (-2 - -1)/(-1)*70. Suppose 4*i - 2*w - a = 0, 18 + 53 = 5*i + 3*w. Calculate the greatest common factor of i and 32.
16
Let b(t) = -t**2 - 2. Let r be b(0). Let m be -1*(-1)/(-2)*r. Suppose -4*y - s + 98 = -3*s, -m = -s. What is the greatest common factor of 5 and y?
5
Let d(a) = 7*a - 11. Let h be d(9). Let g = h + -19. What is the highest common factor of 22 and g?
11
Let r(d) = d**3 + 6*d**2 + 2*d - 3. Let m be r(-5). Calculate the highest common factor of 30 and m.
6
Let r(k) = k**3 - 9*k**2 + 10*k - 5. Suppose i - 53 = -5*w - 14, 4*w + 3*i = 29. Let g be r(w). What is the greatest common factor of 77 and g?
11
Let v be 357/27 - (-2)/(-9). What is the greatest common divisor of v and 26?
13
Let k(q) = -39*q - 7. Let u be k(-3). Calculate the highest common factor of 10 and u.
10
Suppose 59 = -2*a + 71. What is the greatest common divisor of 8 and a?
2
Suppose 3*v - 16 = -4, m + 112 = 2*v. Let j be -3 - (1 + m) - 1. Calculate the highest common factor of 9 and j.
9
Suppose n = -4*d + 28, -n - 3*n + 4*d = -112. Suppose -m = -57 - 13. What is the highest common divisor of n and m?
14
Let m be (-19)/